[INFO] cloning repository https://github.com/FTB-Gamepedia/ftb-rs-plus
[INFO] running `Command { std: "git" "-c" "credential.helper=" "-c" "credential.helper=/workspace/cargo-home/bin/git-credential-null" "clone" "--bare" "https://github.com/FTB-Gamepedia/ftb-rs-plus" "/workspace/cache/git-repos/https%3A%2F%2Fgithub.com%2FFTB-Gamepedia%2Fftb-rs-plus", kill_on_drop: false }`
[INFO] [stderr] Cloning into bare repository '/workspace/cache/git-repos/https%3A%2F%2Fgithub.com%2FFTB-Gamepedia%2Fftb-rs-plus'...
[INFO] running `Command { std: "git" "rev-parse" "HEAD", kill_on_drop: false }`
[INFO] [stdout] bf493f789072de8a053fe7e8282e153a8f171111
[INFO] checking FTB-Gamepedia/ftb-rs-plus against try#72f88fc4e9458f89516a0b8b0868f3718aec5b47 for pr-74989
[INFO] running `Command { std: "git" "clone" "/workspace/cache/git-repos/https%3A%2F%2Fgithub.com%2FFTB-Gamepedia%2Fftb-rs-plus" "/workspace/builds/worker-7/source", kill_on_drop: false }`
[INFO] [stderr] Cloning into '/workspace/builds/worker-7/source'...
[INFO] [stderr] done.
[INFO] validating manifest of git repo https://github.com/FTB-Gamepedia/ftb-rs-plus on toolchain 72f88fc4e9458f89516a0b8b0868f3718aec5b47
[INFO] running `Command { std: "/workspace/cargo-home/bin/cargo" "+72f88fc4e9458f89516a0b8b0868f3718aec5b47" "read-manifest" "--manifest-path" "Cargo.toml", kill_on_drop: false }`
[INFO] started tweaking git repo https://github.com/FTB-Gamepedia/ftb-rs-plus
[INFO] finished tweaking git repo https://github.com/FTB-Gamepedia/ftb-rs-plus
[INFO] tweaked toml for git repo https://github.com/FTB-Gamepedia/ftb-rs-plus written to /workspace/builds/worker-7/source/Cargo.toml
[INFO] crate git repo https://github.com/FTB-Gamepedia/ftb-rs-plus already has a lockfile, it will not be regenerated
[INFO] running `Command { std: "/workspace/cargo-home/bin/cargo" "+72f88fc4e9458f89516a0b8b0868f3718aec5b47" "fetch" "--locked" "--manifest-path" "Cargo.toml", kill_on_drop: false }`
[INFO] [stderr] error: the lock file /workspace/builds/worker-7/source/Cargo.lock needs to be updated but --locked was passed to prevent this
[INFO] [stderr] If you want to try to generate the lock file without accessing the network, use the --offline flag.
[INFO] the lockfile is outdated, regenerating it
[INFO] running `Command { std: "/workspace/cargo-home/bin/cargo" "+72f88fc4e9458f89516a0b8b0868f3718aec5b47" "generate-lockfile" "--manifest-path" "Cargo.toml" "-Zno-index-update", kill_on_drop: false }`
[INFO] running `Command { std: "/workspace/cargo-home/bin/cargo" "+72f88fc4e9458f89516a0b8b0868f3718aec5b47" "fetch" "--locked" "--manifest-path" "Cargo.toml", kill_on_drop: false }`
[INFO] running `Command { std: "docker" "create" "-v" "/var/lib/crater-agent-workspace/builds/worker-7/target:/opt/rustwide/target:rw,Z" "-v" "/var/lib/crater-agent-workspace/builds/worker-7/source:/opt/rustwide/workdir:ro,Z" "-v" "/var/lib/crater-agent-workspace/cargo-home:/opt/rustwide/cargo-home:ro,Z" "-v" "/var/lib/crater-agent-workspace/rustup-home:/opt/rustwide/rustup-home:ro,Z" "-e" "SOURCE_DIR=/opt/rustwide/workdir" "-e" "CARGO_TARGET_DIR=/opt/rustwide/target" "-e" "CARGO_HOME=/opt/rustwide/cargo-home" "-e" "RUSTUP_HOME=/opt/rustwide/rustup-home" "-w" "/opt/rustwide/workdir" "-m" "1610612736" "--user" "0:0" "--network" "none" "rustops/crates-build-env@sha256:d92eaeed33fa75130ca1ee6c8a01d1ffb62bac859dfdfb3450e3e5d1c0146529" "/opt/rustwide/cargo-home/bin/cargo" "+72f88fc4e9458f89516a0b8b0868f3718aec5b47" "metadata" "--no-deps" "--format-version=1", kill_on_drop: false }`
[INFO] [stdout] 6f4f4ae9b80da774d202c78a37253c9e00c6d04b5256b6499ddf78fc63ffe601
[INFO] [stderr] WARNING: Your kernel does not support swap limit capabilities or the cgroup is not mounted. Memory limited without swap.
[INFO] running `Command { std: "docker" "start" "-a" "6f4f4ae9b80da774d202c78a37253c9e00c6d04b5256b6499ddf78fc63ffe601", kill_on_drop: false }`
[INFO] running `Command { std: "docker" "inspect" "6f4f4ae9b80da774d202c78a37253c9e00c6d04b5256b6499ddf78fc63ffe601", kill_on_drop: false }`
[INFO] running `Command { std: "docker" "rm" "-f" "6f4f4ae9b80da774d202c78a37253c9e00c6d04b5256b6499ddf78fc63ffe601", kill_on_drop: false }`
[INFO] [stdout] 6f4f4ae9b80da774d202c78a37253c9e00c6d04b5256b6499ddf78fc63ffe601
[INFO] running `Command { std: "docker" "create" "-v" "/var/lib/crater-agent-workspace/builds/worker-7/target:/opt/rustwide/target:rw,Z" "-v" "/var/lib/crater-agent-workspace/builds/worker-7/source:/opt/rustwide/workdir:ro,Z" "-v" "/var/lib/crater-agent-workspace/cargo-home:/opt/rustwide/cargo-home:ro,Z" "-v" "/var/lib/crater-agent-workspace/rustup-home:/opt/rustwide/rustup-home:ro,Z" "-e" "SOURCE_DIR=/opt/rustwide/workdir" "-e" "CARGO_TARGET_DIR=/opt/rustwide/target" "-e" "CARGO_INCREMENTAL=0" "-e" "RUST_BACKTRACE=full" "-e" "RUSTFLAGS=--cap-lints=forbid" "-e" "CARGO_HOME=/opt/rustwide/cargo-home" "-e" "RUSTUP_HOME=/opt/rustwide/rustup-home" "-w" "/opt/rustwide/workdir" "-m" "1610612736" "--user" "0:0" "--network" "none" "rustops/crates-build-env@sha256:d92eaeed33fa75130ca1ee6c8a01d1ffb62bac859dfdfb3450e3e5d1c0146529" "/opt/rustwide/cargo-home/bin/cargo" "+72f88fc4e9458f89516a0b8b0868f3718aec5b47" "check" "--frozen" "--all" "--all-targets" "--message-format=json", kill_on_drop: false }`
[INFO] [stdout] 70ecc3ed41c6033bda6e21a3ec6b877a5d7c6384ae75085d45b79a9b6cfa5a5d
[INFO] [stderr] WARNING: Your kernel does not support swap limit capabilities or the cgroup is not mounted. Memory limited without swap.
[INFO] running `Command { std: "docker" "start" "-a" "70ecc3ed41c6033bda6e21a3ec6b877a5d7c6384ae75085d45b79a9b6cfa5a5d", kill_on_drop: false }`
[INFO] [stderr]    Compiling byteorder v1.3.4
[INFO] [stderr]     Checking adler32 v1.2.0
[INFO] [stderr]     Checking rustc-serialize v0.3.24
[INFO] [stderr]    Compiling num-traits v0.2.12
[INFO] [stderr]    Compiling num-integer v0.1.43
[INFO] [stderr]    Compiling num-rational v0.2.4
[INFO] [stderr]    Compiling num-iter v0.1.41
[INFO] [stderr]     Checking inflate v0.4.5
[INFO] [stderr]     Checking deflate v0.7.20
[INFO] [stderr]     Checking png v0.15.3
[INFO] [stderr]     Checking image v0.22.5
[INFO] [stderr]     Checking ftb v0.0.1 (/opt/rustwide/workdir)
[INFO] [stdout] error[E0432]: unresolved import `std::fs::walk_dir`
[INFO] [stdout]   --> src/main.rs:14:27
[INFO] [stdout]    |
[INFO] [stdout] 14 | use std::fs::{File, copy, walk_dir};
[INFO] [stdout]    |                           ^^^^^^^^ no `walk_dir` in `fs`
[INFO] [stdout] 
[INFO] [stdout] 
[INFO] [stdout] error[E0432]: unresolved import `std::fs::walk_dir`
[INFO] [stdout]  --> src/tilesheets.rs:8:21
[INFO] [stdout]   |
[INFO] [stdout] 8 | use std::fs::{File, walk_dir};
[INFO] [stdout]   |                     ^^^^^^^^ no `walk_dir` in `fs`
[INFO] [stdout] 
[INFO] [stdout] 
[INFO] [stdout] warning: unused import: `GenericImage`
[INFO] [stdout]  --> src/main.rs:9:13
[INFO] [stdout]   |
[INFO] [stdout] 9 | use image::{GenericImage, ImageBuffer, Pixel, Rgba, RgbaImage};
[INFO] [stdout]   |             ^^^^^^^^^^^^
[INFO] [stdout]   |
[INFO] [stdout]   = note: `#[warn(unused_imports)]` on by default
[INFO] [stdout] 
[INFO] [stdout] 
[INFO] [stdout] error[E0432]: unresolved import `std::fs::walk_dir`
[INFO] [stdout]   --> src/main.rs:14:27
[INFO] [stdout]    |
[INFO] [stdout] 14 | use std::fs::{File, copy, walk_dir};
[INFO] [stdout]    |                           ^^^^^^^^ no `walk_dir` in `fs`
[INFO] [stdout] 
[INFO] [stdout] 
[INFO] [stdout] error[E0432]: unresolved import `std::fs::walk_dir`
[INFO] [stdout]  --> src/tilesheets.rs:8:21
[INFO] [stdout]   |
[INFO] [stdout] 8 | use std::fs::{File, walk_dir};
[INFO] [stdout]   |                     ^^^^^^^^ no `walk_dir` in `fs`
[INFO] [stdout] 
[INFO] [stdout] 
[INFO] [stdout] warning: unused import: `GenericImage`
[INFO] [stdout]  --> src/main.rs:9:13
[INFO] [stdout]   |
[INFO] [stdout] 9 | use image::{GenericImage, ImageBuffer, Pixel, Rgba, RgbaImage};
[INFO] [stdout]   |             ^^^^^^^^^^^^
[INFO] [stdout]   |
[INFO] [stdout]   = note: `#[warn(unused_imports)]` on by default
[INFO] [stdout] 
[INFO] [stdout] 
[INFO] [stdout] error[E0599]: no method named `at` found for struct `regex::Captures<'_>` in the current scope
[INFO] [stdout]   --> src/main.rs:35:14
[INFO] [stdout]    |
[INFO] [stdout] 35 |         (cap.at(1).unwrap().to_owned(), cap.at(2).unwrap().to_owned())
[INFO] [stdout]    |              ^^ method not found in `regex::Captures<'_>`
[INFO] [stdout] 
[INFO] [stdout] 
[INFO] [stdout] error[E0599]: no method named `at` found for struct `regex::Captures<'_>` in the current scope
[INFO] [stdout]   --> src/main.rs:35:45
[INFO] [stdout]    |
[INFO] [stdout] 35 |         (cap.at(1).unwrap().to_owned(), cap.at(2).unwrap().to_owned())
[INFO] [stdout]    |                                             ^^ method not found in `regex::Captures<'_>`
[INFO] [stdout] 
[INFO] [stdout] 
[INFO] [stdout] error[E0599]: no method named `at` found for struct `regex::Captures<'_>` in the current scope
[INFO] [stdout]    --> src/main.rs:130:51
[INFO] [stdout]     |
[INFO] [stdout] 130 |         let new = format!("Crop {} ({}).png", cap.at(1).unwrap(), cap.at(2).unwrap());
[INFO] [stdout]     |                                                   ^^ method not found in `regex::Captures<'_>`
[INFO] [stdout] 
[INFO] [stdout] 
[INFO] [stdout] error[E0599]: no method named `at` found for struct `regex::Captures<'_>` in the current scope
[INFO] [stdout]    --> src/main.rs:130:71
[INFO] [stdout]     |
[INFO] [stdout] 130 |         let new = format!("Crop {} ({}).png", cap.at(1).unwrap(), cap.at(2).unwrap());
[INFO] [stdout]     |                                                                       ^^ method not found in `regex::Captures<'_>`
[INFO] [stdout] 
[INFO] [stdout] 
[INFO] [stdout] error[E0599]: no method named `at` found for struct `regex::Captures<'_>` in the current scope
[INFO] [stdout]    --> src/main.rs:165:24
[INFO] [stdout]     |
[INFO] [stdout] 165 |         let name = cap.at(1).unwrap();
[INFO] [stdout]     |                        ^^ method not found in `regex::Captures<'_>`
[INFO] [stdout] 
[INFO] [stdout] 
[INFO] [stdout] error[E0599]: no method named `at` found for struct `regex::Captures<'_>` in the current scope
[INFO] [stdout]    --> src/main.rs:166:21
[INFO] [stdout]     |
[INFO] [stdout] 166 |         let x = cap.at(2).unwrap();
[INFO] [stdout]     |                     ^^ method not found in `regex::Captures<'_>`
[INFO] [stdout] 
[INFO] [stdout] 
[INFO] [stdout] error[E0599]: no method named `at` found for struct `regex::Captures<'_>` in the current scope
[INFO] [stdout]    --> src/main.rs:167:21
[INFO] [stdout]     |
[INFO] [stdout] 167 |         let y = cap.at(3).unwrap();
[INFO] [stdout]     |                     ^^ method not found in `regex::Captures<'_>`
[INFO] [stdout] 
[INFO] [stdout] 
[INFO] [stdout] error[E0599]: no method named `at` found for struct `regex::Captures<'_>` in the current scope
[INFO] [stdout]    --> src/main.rs:212:28
[INFO] [stdout]     |
[INFO] [stdout] 212 |         let quantity = cap.at(1).unwrap();
[INFO] [stdout]     |                            ^^ method not found in `regex::Captures<'_>`
[INFO] [stdout] 
[INFO] [stdout] 
[INFO] [stdout] error[E0599]: no method named `at` found for struct `regex::Captures<'_>` in the current scope
[INFO] [stdout]    --> src/main.rs:214:24
[INFO] [stdout]     |
[INFO] [stdout] 214 |         let item = cap.at(2).unwrap();
[INFO] [stdout]     |                        ^^ method not found in `regex::Captures<'_>`
[INFO] [stdout] 
[INFO] [stdout] 
[INFO] [stdout] error[E0599]: no method named `at` found for struct `regex::Captures<'_>` in the current scope
[INFO] [stdout]    --> src/main.rs:215:24
[INFO] [stdout]     |
[INFO] [stdout] 215 |         let meta = cap.at(3).unwrap();
[INFO] [stdout]     |                        ^^ method not found in `regex::Captures<'_>`
[INFO] [stdout] 
[INFO] [stdout] 
[INFO] [stdout] error[E0599]: no method named `at` found for struct `regex::Captures<'_>` in the current scope
[INFO] [stdout]   --> src/tilesheets.rs:73:22
[INFO] [stdout]    |
[INFO] [stdout] 73 |                 (cap.at(1).unwrap().to_owned(), cap.at(2).unwrap().to_owned())
[INFO] [stdout]    |                      ^^ method not found in `regex::Captures<'_>`
[INFO] [stdout] 
[INFO] [stdout] 
[INFO] [stdout] error[E0599]: no method named `at` found for struct `regex::Captures<'_>` in the current scope
[INFO] [stdout]   --> src/tilesheets.rs:73:53
[INFO] [stdout]    |
[INFO] [stdout] 73 |                 (cap.at(1).unwrap().to_owned(), cap.at(2).unwrap().to_owned())
[INFO] [stdout]    |                                                     ^^ method not found in `regex::Captures<'_>`
[INFO] [stdout] 
[INFO] [stdout] 
[INFO] [stdout] error[E0599]: no method named `at` found for struct `regex::Captures<'_>` in the current scope
[INFO] [stdout]    --> src/tilesheets.rs:179:21
[INFO] [stdout]     |
[INFO] [stdout] 179 |         let x = cap.at(1).unwrap().parse().unwrap();
[INFO] [stdout]     |                     ^^ method not found in `regex::Captures<'_>`
[INFO] [stdout] 
[INFO] [stdout] 
[INFO] [stdout] error[E0599]: no method named `at` found for struct `regex::Captures<'_>` in the current scope
[INFO] [stdout]    --> src/tilesheets.rs:180:21
[INFO] [stdout]     |
[INFO] [stdout] 180 |         let y = cap.at(2).unwrap().parse().unwrap();
[INFO] [stdout]     |                     ^^ method not found in `regex::Captures<'_>`
[INFO] [stdout] 
[INFO] [stdout] 
[INFO] [stdout] error[E0599]: no method named `at` found for struct `regex::Captures<'_>` in the current scope
[INFO] [stdout]    --> src/tilesheets.rs:181:24
[INFO] [stdout]     |
[INFO] [stdout] 181 |         let name = cap.at(3).unwrap().to_owned();
[INFO] [stdout]     |                        ^^ method not found in `regex::Captures<'_>`
[INFO] [stdout] 
[INFO] [stdout] 
[INFO] [stdout] error[E0599]: no method named `at` found for struct `regex::Captures<'_>` in the current scope
[INFO] [stdout]   --> src/main.rs:35:14
[INFO] [stdout]    |
[INFO] [stdout] 35 |         (cap.at(1).unwrap().to_owned(), cap.at(2).unwrap().to_owned())
[INFO] [stdout]    |              ^^ method not found in `regex::Captures<'_>`
[INFO] [stdout] 
[INFO] [stdout] 
[INFO] [stdout] error[E0599]: no method named `at` found for struct `regex::Captures<'_>` in the current scope
[INFO] [stdout]   --> src/main.rs:35:45
[INFO] [stdout]    |
[INFO] [stdout] 35 |         (cap.at(1).unwrap().to_owned(), cap.at(2).unwrap().to_owned())
[INFO] [stdout]    |                                             ^^ method not found in `regex::Captures<'_>`
[INFO] [stdout] 
[INFO] [stdout] 
[INFO] [stdout] error[E0599]: no method named `at` found for struct `regex::Captures<'_>` in the current scope
[INFO] [stdout]    --> src/main.rs:130:51
[INFO] [stdout]     |
[INFO] [stdout] 130 |         let new = format!("Crop {} ({}).png", cap.at(1).unwrap(), cap.at(2).unwrap());
[INFO] [stdout]     |                                                   ^^ method not found in `regex::Captures<'_>`
[INFO] [stdout] 
[INFO] [stdout] 
[INFO] [stdout] error[E0599]: no method named `at` found for struct `regex::Captures<'_>` in the current scope
[INFO] [stdout]    --> src/main.rs:130:71
[INFO] [stdout]     |
[INFO] [stdout] 130 |         let new = format!("Crop {} ({}).png", cap.at(1).unwrap(), cap.at(2).unwrap());
[INFO] [stdout]     |                                                                       ^^ method not found in `regex::Captures<'_>`
[INFO] [stdout] 
[INFO] [stdout] 
[INFO] [stdout] error[E0599]: no method named `at` found for struct `regex::Captures<'_>` in the current scope
[INFO] [stdout]    --> src/main.rs:165:24
[INFO] [stdout]     |
[INFO] [stdout] 165 |         let name = cap.at(1).unwrap();
[INFO] [stdout]     |                        ^^ method not found in `regex::Captures<'_>`
[INFO] [stdout] 
[INFO] [stdout] 
[INFO] [stdout] error[E0599]: no method named `at` found for struct `regex::Captures<'_>` in the current scope
[INFO] [stdout]    --> src/main.rs:166:21
[INFO] [stdout]     |
[INFO] [stdout] 166 |         let x = cap.at(2).unwrap();
[INFO] [stdout]     |                     ^^ method not found in `regex::Captures<'_>`
[INFO] [stdout] 
[INFO] [stdout] 
[INFO] [stdout] error[E0599]: no method named `at` found for struct `regex::Captures<'_>` in the current scope
[INFO] [stdout]    --> src/main.rs:167:21
[INFO] [stdout]     |
[INFO] [stdout] 167 |         let y = cap.at(3).unwrap();
[INFO] [stdout]     |                     ^^ method not found in `regex::Captures<'_>`
[INFO] [stdout] 
[INFO] [stdout] 
[INFO] [stdout] error[E0599]: no method named `at` found for struct `regex::Captures<'_>` in the current scope
[INFO] [stdout]    --> src/main.rs:212:28
[INFO] [stdout]     |
[INFO] [stdout] 212 |         let quantity = cap.at(1).unwrap();
[INFO] [stdout]     |                            ^^ method not found in `regex::Captures<'_>`
[INFO] [stdout] 
[INFO] [stdout] 
[INFO] [stdout] error[E0599]: no method named `at` found for struct `regex::Captures<'_>` in the current scope
[INFO] [stdout]    --> src/main.rs:214:24
[INFO] [stdout]     |
[INFO] [stdout] 214 |         let item = cap.at(2).unwrap();
[INFO] [stdout]     |                        ^^ method not found in `regex::Captures<'_>`
[INFO] [stdout] 
[INFO] [stdout] 
[INFO] [stdout] error[E0599]: no method named `at` found for struct `regex::Captures<'_>` in the current scope
[INFO] [stdout]    --> src/main.rs:215:24
[INFO] [stdout]     |
[INFO] [stdout] 215 |         let meta = cap.at(3).unwrap();
[INFO] [stdout]     |                        ^^ method not found in `regex::Captures<'_>`
[INFO] [stdout] 
[INFO] [stdout] 
[INFO] [stdout] error[E0599]: no method named `at` found for struct `regex::Captures<'_>` in the current scope
[INFO] [stdout]   --> src/tilesheets.rs:73:22
[INFO] [stdout]    |
[INFO] [stdout] 73 |                 (cap.at(1).unwrap().to_owned(), cap.at(2).unwrap().to_owned())
[INFO] [stdout]    |                      ^^ method not found in `regex::Captures<'_>`
[INFO] [stdout] 
[INFO] [stdout] 
[INFO] [stdout] error[E0599]: no method named `at` found for struct `regex::Captures<'_>` in the current scope
[INFO] [stdout]   --> src/tilesheets.rs:73:53
[INFO] [stdout]    |
[INFO] [stdout] 73 |                 (cap.at(1).unwrap().to_owned(), cap.at(2).unwrap().to_owned())
[INFO] [stdout]    |                                                     ^^ method not found in `regex::Captures<'_>`
[INFO] [stdout] 
[INFO] [stdout] 
[INFO] [stdout] warning: unused import: `Pixel`
[INFO] [stdout]  --> src/main.rs:9:40
[INFO] [stdout]   |
[INFO] [stdout] 9 | use image::{GenericImage, ImageBuffer, Pixel, Rgba, RgbaImage};
[INFO] [stdout]   |                                        ^^^^^
[INFO] [stdout] 
[INFO] [stdout] 
[INFO] [stdout] warning: unused import: `ToOwned`
[INFO] [stdout]   --> src/main.rs:12:19
[INFO] [stdout]    |
[INFO] [stdout] 12 | use std::borrow::{ToOwned};
[INFO] [stdout]    |                   ^^^^^^^
[INFO] [stdout] 
[INFO] [stdout] 
[INFO] [stdout] warning: unused import: `GenericImage`
[INFO] [stdout]  --> src/tilesheets.rs:3:19
[INFO] [stdout]   |
[INFO] [stdout] 3 | use image::{self, GenericImage, ImageBuffer, Pixel, RgbaImage};
[INFO] [stdout]   |                   ^^^^^^^^^^^^
[INFO] [stdout] 
[INFO] [stdout] 
[INFO] [stdout] warning: unused import: `Pixel`
[INFO] [stdout]  --> src/tilesheets.rs:3:46
[INFO] [stdout]   |
[INFO] [stdout] 3 | use image::{self, GenericImage, ImageBuffer, Pixel, RgbaImage};
[INFO] [stdout]   |                                              ^^^^^
[INFO] [stdout] 
[INFO] [stdout] 
[INFO] [stdout] error: aborting due to 17 previous errors; 5 warnings emitted
[INFO] [stdout] 
[INFO] [stdout] 
[INFO] [stdout] Some errors have detailed explanations: E0432, E0599.
[INFO] [stdout] 
[INFO] [stdout] For more information about an error, try `rustc --explain E0432`.
[INFO] [stdout] 
[INFO] [stderr] error: could not compile `ftb`.
[INFO] [stderr] 
[INFO] [stderr] To learn more, run the command again with --verbose.
[INFO] [stderr] warning: build failed, waiting for other jobs to finish...
[INFO] [stdout] error[E0599]: no method named `at` found for struct `regex::Captures<'_>` in the current scope
[INFO] [stdout]    --> src/tilesheets.rs:179:21
[INFO] [stdout]     |
[INFO] [stdout] 179 |         let x = cap.at(1).unwrap().parse().unwrap();
[INFO] [stdout]     |                     ^^ method not found in `regex::Captures<'_>`
[INFO] [stdout] 
[INFO] [stdout] 
[INFO] [stdout] error[E0599]: no method named `at` found for struct `regex::Captures<'_>` in the current scope
[INFO] [stdout]    --> src/tilesheets.rs:180:21
[INFO] [stdout]     |
[INFO] [stdout] 180 |         let y = cap.at(2).unwrap().parse().unwrap();
[INFO] [stdout]     |                     ^^ method not found in `regex::Captures<'_>`
[INFO] [stdout] 
[INFO] [stdout] 
[INFO] [stdout] error[E0599]: no method named `at` found for struct `regex::Captures<'_>` in the current scope
[INFO] [stdout]    --> src/tilesheets.rs:181:24
[INFO] [stdout]     |
[INFO] [stdout] 181 |         let name = cap.at(3).unwrap().to_owned();
[INFO] [stdout]     |                        ^^ method not found in `regex::Captures<'_>`
[INFO] [stdout] 
[INFO] [stdout] 
[INFO] [stdout] warning: unused import: `Pixel`
[INFO] [stdout]  --> src/main.rs:9:40
[INFO] [stdout]   |
[INFO] [stdout] 9 | use image::{GenericImage, ImageBuffer, Pixel, Rgba, RgbaImage};
[INFO] [stdout]   |                                        ^^^^^
[INFO] [stdout] 
[INFO] [stdout] 
[INFO] [stdout] warning: unused import: `ToOwned`
[INFO] [stdout]   --> src/main.rs:12:19
[INFO] [stdout]    |
[INFO] [stdout] 12 | use std::borrow::{ToOwned};
[INFO] [stdout]    |                   ^^^^^^^
[INFO] [stdout] 
[INFO] [stdout] 
[INFO] [stdout] warning: unused import: `GenericImage`
[INFO] [stdout]  --> src/tilesheets.rs:3:19
[INFO] [stdout]   |
[INFO] [stdout] 3 | use image::{self, GenericImage, ImageBuffer, Pixel, RgbaImage};
[INFO] [stdout]   |                   ^^^^^^^^^^^^
[INFO] [stdout] 
[INFO] [stdout] 
[INFO] [stdout] warning: unused import: `Pixel`
[INFO] [stdout]  --> src/tilesheets.rs:3:46
[INFO] [stdout]   |
[INFO] [stdout] 3 | use image::{self, GenericImage, ImageBuffer, Pixel, RgbaImage};
[INFO] [stdout]   |                                              ^^^^^
[INFO] [stdout] 
[INFO] [stdout] 
[INFO] [stdout] error: aborting due to 17 previous errors; 5 warnings emitted
[INFO] [stdout] 
[INFO] [stdout] 
[INFO] [stdout] Some errors have detailed explanations: E0432, E0599.
[INFO] [stdout] 
[INFO] [stdout] For more information about an error, try `rustc --explain E0432`.
[INFO] [stdout] 
[INFO] [stderr] error: build failed
[INFO] running `Command { std: "docker" "inspect" "70ecc3ed41c6033bda6e21a3ec6b877a5d7c6384ae75085d45b79a9b6cfa5a5d", kill_on_drop: false }`
[INFO] running `Command { std: "docker" "rm" "-f" "70ecc3ed41c6033bda6e21a3ec6b877a5d7c6384ae75085d45b79a9b6cfa5a5d", kill_on_drop: false }`
[INFO] [stdout] 70ecc3ed41c6033bda6e21a3ec6b877a5d7c6384ae75085d45b79a9b6cfa5a5d
